pose -6*n + s = 315. What is the tens digit of n?
7
Let d be (-2)/(-10) + (-182)/(-65). Let c be 3 + (297/22)/(d/(-4)). What is the units digit of (-730)/c + (-1)/3*2?
8
Suppose 44*q - q + 8*q - 860472 = 0. What is the tens digit of q?
7
Let f(a) = a - 46. Let n be f(36). What is the tens digit of 6/n + (-64948)/(-130)?
9
Suppose -201445 = -r - 6*r + 3*q, 4*r - 115102 = -3*q. What is the hundreds digit of r?
7
Suppose -13*w - 21*w = 8*w - 315294. What is the thousands digit of w?
7
Suppose x - 2 = 2*d - 4, 0 = 5*x + 4*d - 32. Suppose 0 = -2*y, 0*s + 24 = 4*s + x*y. Let u(g) = g**2 + 2*g - 2. What is the tens digit of u(s)?
4
Suppose -5*p - 353 = -s, 5*s = 5*p - 6*p - 55. Let u = p + 230. What is the units digit of u?
0
Let a = 80 - 81. Let s be ((-1675)/20 + 0)*(3 - a). Let g = s - -491. What is the tens digit of g?
5
Let w = -1263 - -2347. What is the tens digit of w?
8
Suppose -3*n + 5*j + 705 = 0, 2*n - 13*j + 17*j = 470. Suppose 2*y - 4*y - 4*q = -434, y = 4*q + n. What is the hundreds digit of y?
2
Suppose 0*p - 6*p = -31884 - 58824. What is the hundreds digit of p?
1
Suppose -j = 1 + 3. Let y(b) = -b**3 - 3*b**2 - 2*b. Let k be y(j). What is the tens digit of (k/3)/4 + -2 + 61?
6
Suppose 0 = 92*z - 133*z + 950380. What is the tens digit of z?
8
Suppose -4*n + 5*u = -15, 0 = -2*n + u + 6 + 3. Suppose -1957 = -2*q - n*r, 7*q + 3*r = 5*q + 1963. What is the hundreds digit of q?
9
Let b = 23 + -14. Let x(z) = 4*z - 2. Let t(q) = 2*q**2 + 25*q - 29. Let m(j) = t(j) - 6*x(j). What is the units digit of m(b)?
4
Suppose 32 = 4*y + 20. Suppose y*o = 3*o - 2*o. Suppose o = -6*x - 2*x + 496. What is the tens digit of x?
6
Let w = 923 - 1351. Let s = 818 + w. What is the hundreds digit of s?
3
Let s = -90 - -118. Suppose -b - g + s = 0, 3*b - 40 = 5*g + 20. What is the units digit of b?
5
Suppose -22808 = -3*t - 4*x, -73*t + 78*t + 4*x = 38008. What is the thousands digit of t?
7
Suppose 2*p = -5*y - 20, -29 = 5*p + y + y. Let x(s) = -11*s + 5 - 30*s - 7 - 15. What is the hundreds digit of x(p)?
1
Let g(p) = 84*p - 167. Let w be g(3). What is the tens digit of (-36)/(-300)*w*(97 - 2)?
6
Suppose 0 = 2*t + 4*r - 32, 3*t - r + 18 = 4*t. Suppose t*b - 720 = 17*b. What is the units digit of b?
0
Suppose -4*k = -12 - 4. Let h be 0/(k - 3 - 0). Suppose 3*t - 4*r - 49 = -h*r, 0 = -2*t - 3*r + 61. What is the units digit of t?
3
Let v be (-2 + 3 - -195)*10. Suppose -17*o = -13*o - v. Suppose 5*u - o + 145 = 0. What is the units digit of u?
9
Let a = -23449 - -50485. What is the ten thousands digit of a?
2
Suppose 4*y - 110 + 122 = 0, 5*y + 12265 = 5*j. What is the tens digit of j?
5
Suppose -17 = j - 22. Suppose 4 - 1 = -3*g + 3*k, j*g - 30 = -2*k. Suppose 2 + 70 = g*m. What is the tens digit of m?
1
Suppose -85*x = -96*x + 89144. What is the units digit of x?
4
Let j = -8272 - -17855. What is the units digit of j?
3
Suppose -4*d - 5 = d, 5*i + 4*d - 851 = 0. What is the units digit of (-1503)/2*(-114)/i?
1
Let v = -19 - -97. Let c = 106 - v. Let a = c + 5. What is the tens digit of a?
3
What is the thousands digit of 37760/(-192)*(-33)/5*2?
2
Suppose -4 = p, -3*x + 21 + 5 = -2*p. What is the units digit of x/(-20)*(-6 + -2)*170?
8
Suppose 25 = 5*x, -j - 20*x + 8769 = -15*x. What is the units digit of j?
4
Suppose 2*q + q - v = -6439, 4*v - 10741 = 5*q. Let d = q + 1516. What is the units digit of (2 + 0)*d/(-34)?
7
Let u = 20 - 29. What is the hundreds digit of (-2)/17 + u/153*-14367?
8
Let t = 9062 + 7472. What is the ten thousands digit of t?
1
Suppose -3*k + 5*w - 619 = 0, -4*k + 5*w = 2*w + 840. Let x = k - -747. What is the units digit of x?
4
Let b(g) = 362*g**2 + 36*g - 8. What is the tens digit of b(4)?
2
Let a(z) = 11*z + 28. Let f(n) = -5*n - 14. Let s(d) = 2*a(d) + 5*f(d). Let p be s(-4). What is the tens digit of (-1 + p/4)*-54?
8
Suppose 5*p - 71012 = 4*n - 4003, 0 = -p - 5*n + 13396. What is the thousands digit of p?
3
Suppose 117 = 5*l + 3017. Let b = l + 1218. What is the tens digit of b?
3
Suppose -60*j = -194782 - 96509 - 4029. What is the tens digit of j?
2
Suppose -8*n = -4*n - 5280. Suppose 0*s + n = 24*s. What is the units digit of s?
5
Let t = -501 - -503. Suppose -4*k + 3*i = 8*i - 6991, 0 = -2*k + t*i + 3482. What is the units digit of k?
4
Suppose -2*w - 3538 + 2460 + 30598 = 0. What is the thousands digit of w?
4
Suppose -5*d = -a - 30124, -23*d - 30123 = -28*d + 2*a. What is the hundreds digit of d?
0
Let p be (-4 - -2)*(-2)/4. Suppose -7*d = -8*d - p. What is the units digit of (((-93)/(-3))/d)/(-1)?
1
Let z = -166 - -56. Let a = 422 + z. Suppose 0*k = 3*k - a. What is the units digit of k?
4
Let b = -265 + 273. Suppose 2*q = -b, -3*q = 2*a - 4*q - 1022. What is the tens digit of a?
0
Let t(p) = 4*p**2 + 3 + 6 + 3*p - 2*p**2 + 5*p. Let b be t(-4). What is the hundreds digit of ((-78)/(-5))/((b/(-30))/(-3))?
1
Let q be (-1)/(-6 + 64650/21552 + 3). What is the hundreds digit of 2*(q/16 + -6)?
4
Let n = -919 + 1075. Suppose -6388 = -4*q - l - n, 0 = -3*q - 5*l + 4674. What is the units digit of q?
8
What is the thousands digit of (-9285)/(-8)*2 + (-165)/132?
2
Suppose -135036 = -5*c + 2*i, 2*i + 81024 = -64*c + 67*c. What is the hundreds digit of c?
0
Suppose -f - 4*y = f - 90, -2*f + 3*y = -62. Suppose -36*m - 380 = -f*m - q, 5*m - 4*q - 1909 = 0. What is the units digit of m?
1
Let i(u) = -2*u - 18. Let k be i(-6). Let j(z) = -z**2 - 6*z + 21. Let m be j(k). Let t = 46 - m. What is the tens digit of t?
2
Let q(s) = -10*s. Let t = 0 - 2. Let z = t - 4. What is the units digit of q(z)?
0
Suppose 21*m + 38 = -4. What is the units digit of (-16)/m*(-273)/(-14)?
6
Suppose -i = -5*d - 3388, -2*i = 31*d - 33*d - 6792. What is the tens digit of i?
9
Let g = 443 - -574. What is the hundreds digit of g?
0
Suppose 2*t + 3132 = -s, -4*t + 3*s - 5407 = 847. Let v = -1112 - t. What is the units digit of v?
3
Suppose 5*x - 3*w - 19 = 0, -3 - 3 = 2*w. Let g = 254 - 250. Suppose x*s + 182 = g*s. What is the tens digit of s?
9
Let w(i) = 26*i**2 - 4*i. Let t be w(3). Suppose 15*d = 839 - 779. Suppose 0 = 5*o + d*v - t, -o = -v + 4*v - 51. What is the tens digit of o?
4
Let x(q) = -3*q - 13. Let r be x(-6). Suppose g = -3*g + 2*s + 14, -r*s - 14 = -3*g. What is the hundreds digit of -2 - -3 - (-459)/g - 0?
1
Let r = 118 - -191. Let g = 544 + -382. Let a = r - g. What is the tens digit of a?
4
Let y(w) = 2*w**2 - 15*w + 37. Let p be y(8). Suppose 4*t + 36 = -h, -5*t - h - p = 3*h. Let x(b) = -b**3 - 11*b**2 - 22*b - 3. What is the units digit of x(t)?
3
Let f(u) = 6*u - 28. Let c be f(6). Suppose -6 = -d - 3*h, c*d + 3*h = 3*d + 18. Suppose -2*m + 9 + d = 0. What is the units digit of m?
6
What is the tens digit of ((-2565936)/3240 - (-4)/(-9))*35/(-1)?
3
Let t(l) = 313*l + 12. Let x be t(1). Suppose 0 = -4*d + 2*d + 5*m + x, -5*d + 5*m = -805. What is the hundreds digit of d?
1
Suppose 38*v = 7*v + 22878. Suppose 1022 = 22*d - v. What is the units digit of d?
0
Let z(s) = -s**3 + 31*s**2 - 39*s + 59. What is the tens digit of z(28)?
1
Suppose -4*v = 14*v - 100*v + 2203586. What is the thousands digit of v?
6
Let n(g) = g**3 + 17*g**2 + g + 20. Suppose -2*u - 55 = -21. Let f be n(u). Suppose f*d - 6*b - 160 = -b, 3*b = -5*d + 244. What is the units digit of d?
0
Let w = -123 - -134. Suppose -w*k + 3*k = -2720. What is the tens digit of k?
4
Let b(d) = 8*d + 47. Let g be b(-4). Suppose -1882 + 8932 = g*a. What is the hundreds digit of a?
4
Suppose u - 94 = 3*w - 3*u, 4*w - 3*u = -137. Let i = -48 - w. Let a = -6 - i. What is the units digit of a?
4
Let n = -1216 + 8618. What is the units digit of n?
2
Let b(d) = 16*d - 50. Let r be b(4). What is the units digit of 588/(-28)*(-384)/r?
6
Let m be (-3)/(-2)*(-672)/(-21). Let k be (20/(-12) + -3)*m. Let b = 380 + k. What is the hundreds digit of b?
1
Let u be ((-33)/(-6) - 1)*-2. Let o be (18/u)/(1 + -2). What is the tens digit of -1*13/o*-14?
9
Let s(d) = 2*d + 31. Let y be s(-14). Suppose -t + 6 = -j + 4*t, 0 = -y*j - 3*t + 18. Suppose l - 16 + j = 0. What is the units digit of l?
2
Suppose -7787 = h - 5*h - p, 5*p - 3907 = -2*h. What is the tens digit of h?
4
Let u be (-6 + -4)*-1*2/4. Suppose 5*i = -0*i, 3*a = u*i + 1218. Suppose 0*h = -7*h + a. What is the units digit of h?
8
Let b(j) = j**2 + 